{"id":816,"date":"2024-10-01T23:51:47","date_gmt":"2024-10-01T23:51:47","guid":{"rendered":"http:\/\/localhost\/drinks\/?post_type=product&#038;p=816"},"modified":"2024-10-01T23:51:47","modified_gmt":"2024-10-01T23:51:47","slug":"cupreata-espadin-40","status":"publish","type":"product","link":"https:\/\/rmhstore.softinnovation.com.mx\/index.php\/producto\/cupreata-espadin-40\/","title":{"rendered":"Cupreata \/ Espad\u00edn 40"},"content":{"rendered":"<h4 class=\"font-serif text-2xl font-bold\">Notas de la Cata<\/h4>\n<div class=\"flex flex-col gap-1\">\n<h5 class=\"font-serif text-reno-sand-600\">An\u00e1lisis Visual<\/h5>\n<p>L\u00edquido color transparente con destellos plateados muy brillantes.<\/p>\n<\/div>\n<div class=\"flex flex-col gap-1\">\n<h5 class=\"font-serif text-reno-sand-600\">An\u00e1lisis Olfativo<\/h5>\n<p>Intensidad media alta con car\u00e1cter arom\u00e1tico Herbal-Frutal. Como naranja, lima, penca de agave, menta, yerbabuena.<\/p>\n<\/div>\n<div class=\"flex flex-col gap-1\">\n<h5 class=\"font-serif text-reno-sand-600\">An\u00e1lisis Gustativo<\/h5>\n<p>En el gusto, podemos percibir notas c\u00edtricas como zumo de naranja, limas dulces. Confirmamos el car\u00e1cter herbal y mineral t\u00edpicas de agave cupreata.<\/p>\n<\/div>\n","protected":false},"excerpt":{"rendered":"<div class=\"flex flex-col w-1\/2 gap-5\">\n<div class=\"flex flex-col gap-1\">\n<h5 class=\"font-serif text-reno-sand-600\">An\u00e1lisis Visual<\/h5>\n<p>L\u00edquido color transparente con destellos plateados muy brillantes.<\/p>\n<\/div>\n<div class=\"flex flex-col gap-1\">\n<h5 class=\"font-serif text-reno-sand-600\">An\u00e1lisis Olfativo<\/h5>\n<p>Intensidad media alta con car\u00e1cter arom\u00e1tico Herbal-Frutal. Como naranja, lima, penca de agave, menta, yerbabuena.<\/p>\n<\/div>\n<div class=\"flex flex-col gap-1\">\n<h5 class=\"font-serif text-reno-sand-600\">An\u00e1lisis Gustativo<\/h5>\n<p>En el gusto, podemos percibir notas c\u00edtricas como zumo de naranja, limas dulces. Confirmamos el car\u00e1cter herbal y mineral t\u00edpicas de agave cupreata.<\/p>\n<\/div>\n<\/div>\n<div class=\"flex flex-col w-1\/2 gap-5\">\n<h4 class=\"font-serif text-2xl font-bold\">Maridaje<\/h4>\n<div class=\"flex flex-col gap-1\">\n<h5 class=\"font-serif text-reno-sand-600\">Recomendable con<\/h5>\n<p>Quesos manchego, ranchero y provolone. Frutas: Naranja, chabacano, durazno, melocot\u00f3n, pi\u00f1a. Ensaladas con mandarina o naranja, jitomates deshidratados, tiraditos de pescado y mariscos, pizza de jam\u00f3n y queso, cocina tradicional mexicana, carnes blancas, ceviches, salsas agridulces, embutidos suaves como botana.<\/p>\n<\/div>\n<\/div>\n","protected":false},"featured_media":807,"comment_status":"open","ping_status":"closed","template":"","meta":[],"product_cat":[15],"product_tag":[],"class_list":{"0":"post-816","1":"product","2":"type-product","3":"status-publish","4":"has-post-thumbnail","6":"product_cat-sin-categorizar","8":"first","9":"instock","10":"sale","11":"taxable","12":"shipping-taxable","13":"purchasable","14":"product-type-simple"},"_links":{"self":[{"href":"https:\/\/rmhstore.softinnovation.com.mx\/index.php\/wp-json\/wp\/v2\/product\/816"}],"collection":[{"href":"https:\/\/rmhstore.softinnovation.com.mx\/index.php\/wp-json\/wp\/v2\/product"}],"about":[{"href":"https:\/\/rmhstore.softinnovation.com.mx\/index.php\/wp-json\/wp\/v2\/types\/product"}],"replies":[{"embeddable":true,"href":"https:\/\/rmhstore.softinnovation.com.mx\/index.php\/wp-json\/wp\/v2\/comments?post=816"}],"wp:featuredmedia":[{"embeddable":true,"href":"https:\/\/rmhstore.softinnovation.com.mx\/index.php\/wp-json\/wp\/v2\/media\/807"}],"wp:attachment":[{"href":"https:\/\/rmhstore.softinnovation.com.mx\/index.php\/wp-json\/wp\/v2\/media?parent=816"}],"wp:term":[{"taxonomy":"product_cat","embeddable":true,"href":"https:\/\/rmhstore.softinnovation.com.mx\/index.php\/wp-json\/wp\/v2\/product_cat?post=816"},{"taxonomy":"product_tag","embeddable":true,"href":"https:\/\/rmhstore.softinnovation.com.mx\/index.php\/wp-json\/wp\/v2\/product_tag?post=816"}],"curies":[{"name":"wp","href":"https:\/\/api.w.org\/{rel}","templated":true}]}}