{"id":815,"date":"2024-10-01T23:48:48","date_gmt":"2024-10-01T23:48:48","guid":{"rendered":"http:\/\/localhost\/drinks\/?post_type=product&#038;p=815"},"modified":"2024-10-01T23:48:48","modified_gmt":"2024-10-01T23:48:48","slug":"cupreata-espadin-48","status":"publish","type":"product","link":"https:\/\/rmhstore.softinnovation.com.mx\/index.php\/producto\/cupreata-espadin-48\/","title":{"rendered":"Cupreata \/ Espad\u00edn 48"},"content":{"rendered":"<h4 class=\"font-serif text-2xl font-bold\">Notas de la Cata<\/h4>\n<div class=\"flex flex-col gap-1\">\n<h5 class=\"font-serif text-reno-sand-600\">An\u00e1lisis Visual<\/h5>\n<p>L\u00edquido color transparente con destellos plateados muy brillantes.<\/p>\n<\/div>\n<div class=\"flex flex-col gap-1\">\n<h5 class=\"font-serif text-reno-sand-600\">An\u00e1lisis Olfativo<\/h5>\n<p>Intensidad media alta con car\u00e1cter arom\u00e1tico Herbal-Frutal. Frutales como naranja, lima, lim\u00f3n, penca de agave, menta, yerbabuena y madera fresca.<\/p>\n<\/div>\n<div class=\"flex flex-col gap-1\">\n<h5 class=\"font-serif text-reno-sand-600\">An\u00e1lisis Gustativo<\/h5>\n<p>En el gusto, percibimos notas c\u00edtricas como zumo de naranja, toronja, limas dulces, adem\u00e1s c\u00edtricos suaves. Confirmamos el car\u00e1cter herbal y mineral t\u00edpicas de agave cupreata.<\/p>\n<\/div>\n","protected":false},"excerpt":{"rendered":"<h4 class=\"font-serif text-2xl font-bold\">Maridaje<\/h4>\n<div class=\"flex flex-col gap-1\">\n<h5 class=\"font-serif text-reno-sand-600\">Recomendable con<\/h5>\n<p>Quesos manchego, ranchero y provolone. Frutas: Naranja, chabacano, durazno, melocot\u00f3n, pi\u00f1a. Ensaladas con mandarina o naranja, jitomates deshidratados, tiraditos de pescado y mariscos, pizza de jam\u00f3n y queso, cocina tradicional mexicana, carnes blancas, ceviches, salsas agridulces, embutidos suaves como botana.<\/p>\n<\/div>\n","protected":false},"featured_media":808,"comment_status":"open","ping_status":"closed","template":"","meta":[],"product_cat":[15],"product_tag":[],"class_list":{"0":"post-815","1":"product","2":"type-product","3":"status-publish","4":"has-post-thumbnail","6":"product_cat-sin-categorizar","8":"first","9":"instock","10":"taxable","11":"shipping-taxable","12":"purchasable","13":"product-type-simple"},"_links":{"self":[{"href":"https:\/\/rmhstore.softinnovation.com.mx\/index.php\/wp-json\/wp\/v2\/product\/815"}],"collection":[{"href":"https:\/\/rmhstore.softinnovation.com.mx\/index.php\/wp-json\/wp\/v2\/product"}],"about":[{"href":"https:\/\/rmhstore.softinnovation.com.mx\/index.php\/wp-json\/wp\/v2\/types\/product"}],"replies":[{"embeddable":true,"href":"https:\/\/rmhstore.softinnovation.com.mx\/index.php\/wp-json\/wp\/v2\/comments?post=815"}],"wp:featuredmedia":[{"embeddable":true,"href":"https:\/\/rmhstore.softinnovation.com.mx\/index.php\/wp-json\/wp\/v2\/media\/808"}],"wp:attachment":[{"href":"https:\/\/rmhstore.softinnovation.com.mx\/index.php\/wp-json\/wp\/v2\/media?parent=815"}],"wp:term":[{"taxonomy":"product_cat","embeddable":true,"href":"https:\/\/rmhstore.softinnovation.com.mx\/index.php\/wp-json\/wp\/v2\/product_cat?post=815"},{"taxonomy":"product_tag","embeddable":true,"href":"https:\/\/rmhstore.softinnovation.com.mx\/index.php\/wp-json\/wp\/v2\/product_tag?post=815"}],"curies":[{"name":"wp","href":"https:\/\/api.w.org\/{rel}","templated":true}]}}